nd t?
81
Let m(c) = 1288*c + 494. Let p be m(12). What is the highest common divisor of 29 and p?
29
Suppose 10*i - 98 = 3*i. Let c be 10/3 + i/(-42). Let b be -2 - 2 - ((-84)/2)/c. Calculate the highest common factor of b and 130.
10
Let l be (1 + 7)*2/4. Suppose -4*u - 4*y = 152, 0*y + 5*y - 179 = l*u. Let x = -8 - u. Calculate the greatest common divisor of x and 22.
11
Suppose -9*n = -5*n + 2*g - 46, -3*n + 33 = 3*g. Calculate the highest common factor of n and 102.
6
Suppose 4*h = 4*v - 4, -h = h + 5*v - 12. Let f(p) = 22*p**3 - 2*p**2 + p. Let r be f(h). Calculate the greatest common divisor of r and 6.
3
Suppose 8 = 3*s - 7, -s = -d. Suppose -5*q = -3*t + 627, 2*t + d*q = -t + 627. What is the highest common factor of 22 and t?
11
Let l(f) = -227*f - 2873. Let j be l(-28). Calculate the highest common divisor of 86 and j.
43
Let t(v) = v**2 + 13*v + 13. Let b be t(-12). Let k(w) = -w**3 + 33*w**2 + 72*w - 62. Let g be k(35). Calculate the greatest common divisor of b and g.
1
Let x(f) = -f**2 - 21*f + 30. Let l be x(-11). Let u = 1 - -3. Calculate the highest common divisor of u and l.
4
Suppose 0 = 42*x - 35*x - 1862. Let o be 19/((-10)/4 + 3). Calculate the greatest common divisor of x and o.
38
Let g = -84 - -92. Suppose -g*j - 19*j = -864. What is the greatest common factor of j and 352?
32
Let l be (-75 - 1)*(-9)/12. Suppose -5*h - 5*b + 215 = 0, 3*h + 2*b = 8*h - 180. What is the greatest common factor of l and h?
19
Let h(a) = -3*a**2 - 153*a - 1370. Let b be h(-15). Let j be (-32 - -2)*2/(-3). What is the greatest common factor of j and b?
10
Let c = -19 + 24. Suppose 0 = -4*r + 315 + c. Let z = r + -38. What is the highest common divisor of z and 14?
14
Let f be ((18900/1000)/(4/(-10)))/(2/(-8)). What is the highest common divisor of f and 513?
27
Let s be (511 + -1)*(-23)/((-1725)/1080). Calculate the highest common divisor of 153 and s.
153
Let x(d) = -5*d**3 - 11*d**2 - 2*d + 6. Let l be x(-5). Let c = l + -291. Calculate the greatest common factor of c and 45.
15
Let u(o) = -16*o + 1. Let y be (-380)/(-70) - 5 - (-10)/(-7). Let k be u(y). Calculate the greatest common factor of 153 and k.
17
Let n(u) = -323*u - 213. Let i be n(-1). Suppose 60 = -9*w + 12*w. What is the greatest common divisor of i and w?
10
Let t be ((-8)/5 - 0)*70/(-28). Let h be (20/(-6))/(((-40)/435)/t). Let p be h/7 + 18/63. What is the greatest common divisor of p and 14?
7
Let j = -29677 - -31492. What is the highest common factor of 45 and j?
15
Let f(q) = 5*q**2 + 19*q + 14. Let w = 60 - 58. Suppose 4*k = -d - 41 + 16, w*k + 7 = 5*d. Let h be f(k). Calculate the greatest common divisor of h and 8.
8
Suppose 0 = -32*q - 821 + 4275 + 3714. What is the highest common factor of q and 1288?
56
Suppose 273 - 241 = 16*g. What is the greatest common factor of 8 and g?
2
Suppose u + 5*b = 15, -3*u - 6*b = -48 - 51. Calculate the highest common divisor of u and 570.
15
Let q be (-20 - -33 - -22182)/1. Calculate the highest common divisor of 193 and q.
193
Let t(i) = i**3 - 42*i**2 - 39*i - 168. Let c be t(43). Suppose -3*j + 3 = -3. Suppose j*r - 380 = -3*r. What is the greatest common divisor of r and c?
4
Suppose 55*d - 13*d - 336 = 14*d. Calculate the greatest common factor of d and 543.
3
Let q be ((-98)/(-30) + 6/15)*6/1. What is the highest common factor of 386 and q?
2
Suppose 9*o - 13*o - 5*n + 51 = 0, -2*o - 2*n + 26 = 0. Let v be ((-8)/6)/(6/(-1575)). What is the highest common divisor of v and o?
14
Let w(a) = -7 + 2*a + a - 4*a + 6. Let g be w(5). Let t(j) = -5*j - 2. Let v be t(g). What is the greatest common factor of v and 140?
28
Let y be 31 - ((5 - -8) + 7). Calculate the greatest common factor of 33737 and y.
11
Let i(z) = -z**3 + 9*z**2 - 15*z + 13. Let j be i(7). Let x be (-2)/j + 5797/93. Calculate the greatest common divisor of 155 and x.
31
Let p be (-2)/((-3 - -1)*3/(-222)). Let f = -54 - p. Let k be 6*(-6)/(-216) + 119/6. Calculate the greatest common divisor of f and k.
20
Let r = 8282 - 5420. Calculate the greatest common factor of r and 594.
54
Let x be -15 - (0/3 - 136). Calculate the highest common factor of 1089 and x.
121
Let t(s) = s**2 - s + 8. Let a be t(7). Suppose -12*m + 610 = -a. Calculate the greatest common factor of m and 495.
55
Suppose 2*k - 542 = -3*f + 7*k, -3*f + 550 = -k. Suppose c = f + 76. Calculate the highest common divisor of c and 65.
65
Let p be 540/(-30)*(-2)/(-4). Let f be 11 + -5 + p/(36/16). Calculate the highest common factor of f and 214.
2
Let f = 2336 - 1054. Let m = f - 481. Calculate the greatest common divisor of m and 89.
89
Let d = 250 - 191. Suppose 5*s - d = 11. What is the greatest common factor of 98 and s?
14
Let n be (-1*(-3)/3)/((1 - 15)/(-77182)). Calculate the greatest common divisor of 447 and n.
149
Let t(n) be the first derivative of n**4/4 + 4*n**3 - 5*n**2/2 + 94*n + 188. Let m be t(-10). What is the highest common divisor of 129 and m?
43
Let o = -58 + 57. Let h(u) = 1691*u**2 - 9*u - 10. Let j be h(o). Suppose -5*i + j = 8*i. What is the greatest common divisor of 10 and i?
10
Suppose -19*t + 2*h + 107 = -18*t, 5*t + 5*h - 565 = 0. Let d = 129 - t. What is the greatest common factor of d and 774?
18
Let c = -144 - -218. Suppose 359 = 25*q - 2416. Calculate the greatest common factor of c and q.
37
Let l = 20917 - 20717. What is the highest common factor of l and 352?
8
Let z be (2/2)/(1/2). Let y be (2 - (-7)/(-2))*31/((-837)/576). What is the greatest common factor of z and y?
2
Let f(b) = 30*b**2 - 50*b - 196. Let d be f(-4). What is the greatest common divisor of 198 and d?
22
Let j be (-5 - 26/(-2))/(2/6). Suppose j = 13*f - 15. Suppose f*v - 3*y = 252, v + 3*v = -2*y + 360. Calculate the greatest common divisor of v and 220.
44
Let u = -204 + 232. Let q(j) = 7*j**2 - 2*j + 1. Suppose 5*v + 2*w = -11, v + 2*w + 8 = -3*v. Let r be q(v). Calculate the greatest common factor of r and u.
14
Let b be ((-280)/50)/7*(-170)/4. Calculate the highest common divisor of b and 2686.
34
Let t = 55 - 53. Suppose -5*d + 3*n + 94 = 0, -3*d + 5*n + 60 = t*n. Let x(k) = 27*k - 9. Let a be x(6). What is the greatest common factor of a and d?
17
Let a be (-4 - -29) + (-1)/(-1). Let x(r) = 44*r - 28. Let u be x(4). Let m = 278 - u. What is the greatest common divisor of a and m?
26
Let d(s) = -22*s - 186. Let k be d(-9). Suppose -15*m = -12*m + k, 3*n + 3*m - 384 = 0. Calculate the greatest common divisor of 60 and n.
12
Let p(r) = r**2 + 59*r + 28. Let l be p(-63). What is the highest common factor of l and 168?
56
Let r(l) = l**2 + 94*l + 2505. Let k be r(-145). What is the greatest common divisor of 22 and k?
22
Let i(f) = -f**2 - 25*f - 71. Let o be i(-21). Suppose 18 = 5*v - 4*j, v + 3*j + 14 = 5*v. Suppose 39 = v*k + k. What is the greatest common divisor of o and k?
13
Let a be -132*((-224)/24 - -8). Suppose -35*v - a = -37*v. Calculate the highest common divisor of 66 and v.
22
Let v(q) = -576*q**3 - 2*q**2 + 16*q + 16. Let p be v(-1). What is the highest common divisor of 779 and p?
41
Let h = 31618 + -30553. What is the greatest common factor of h and 3?
3
Let m be (-12)/(7/(-3) - -2). Suppose 15*k = 7*k + 144. Let c be m/10 - k/(-45). Calculate the highest common factor of 20 and c.
4
Suppose -5*k + 18 = -2*k. Suppose -7*l = -24 - 32. Let u be (1 - 10)*l/(-6). What is the greatest common factor of u and k?
6
Let l = 11532 - -1946. Calculate the greatest common divisor of 46 and l.
46
Let u(v) = -4*v - 26. Let w be u(-9). Suppose -4*d = w*d - 420. Let y = -106 - -181. What is the greatest common divisor of y and d?
15
Suppose -23*v + 6*v - 51 = 0. Let p be v/(-2) - 595/(-34). What is the highest common factor of p and 19?
19
Suppose 3*q - 1298*z + 1295*z = 387, -2*q + 3*z + 258 = 0. What is the highest common divisor of 6 and q?
3
Let z(p) = -p**2 - 15*p - 131. Let o be z(-16). Let k be (-8 + 1)*231/o. Let d be (1 - -10)/((-1)/(-17)). Calculate the highest common divisor of d and k.
11
Let y be 444 + (18 - 7 - (1 + 4)). Calculate the greatest common factor of y and 810.
90
Let a be 8 + -8 - (13 - 10) - -103. Calculate the greatest common factor of 13100 and a.
100
Let w be (-23)/(-299) - (-3897)/39. Calculate the highest common divisor of 3150 and w.
50
Suppose -98*r = -9*r - 338